b**2 + 8 + 16*b. Suppose 2*t = 3*c - 0*t - 25, 5*t = 20. Is m(c) a prime number?
True
Let f(i) = -3112*i - 505. Is f(-18) composite?
False
Suppose -5*o + 94 = 4*l - 101, 0 = 2*l - 4*o - 104. Suppose -4*j + 11145 = 5*g, -4*j + 11135 = -l*g + 45*g. Is j composite?
True
Suppose 2*p - 5*g + g - 52574 = 0, 4*p - 2*g = 105142. Suppose 22*r = p + 7661. Is r composite?
False
Let t(r) = 213*r**3 - 12*r**2 + 208*r**3 - 426*r**3 + 20 - 24*r. Is t(-9) composite?
False
Let z = 1391694 - 495011. Is z prime?
False
Suppose 5*g - 40 = -4*l, -2*g + 32 = 2*g - 5*l. Let b be g/12 + 32705/15. Suppose 4*z = -5*f + 4373, -b - 1318 = -4*f - 3*z. Is f composite?
False
Is -4*((-167376)/64 + 2) a composite number?
False
Suppose 142 + 208 = -10*v. Let w = v - -40. Suppose w*h + 2*j - 1291 = 0, -5*h + 1694 = j + 401. Is h prime?
False
Suppose 51*l - 1665891 = 8654363 + 638779. Is l composite?
False
Is ((-567)/42 - -13) + (-1084906)/(-4) composite?
True
Suppose 11330787 + 6053900 = 39*t - 4108408. Is t prime?
False
Let t be ((-44)/4 + -1)*-1. Suppose 3*r - 7 - 2 = 4*p, t = 4*r + 2*p. Suppose -5*d = -4*b + 800, -b - 4*b + r*d + 1013 = 0. Is b a composite number?
True
Is (37/74)/(0 - (-3)/7931418) + -2 composite?
True
Let h be (-2)/9 + 4/(-72)*-40. Suppose 0 = -h*z - 16*z + 87678. Is z composite?
False
Let g(x) = -5081*x - 549. Is g(-20) composite?
True
Suppose -119 = 66*d - 83*d. Let r(a) = 17*a**3 + 5*a**2 + 3*a - 18. Is r(d) prime?
True
Suppose 2*j - 5589 = -j. Let b be (-24)/(-40) - 24/(-10). Suppose -b*y = -6492 + j. Is y a prime number?
True
Suppose -153 = 4*s + 5*x - 178, 4*s = -2*x + 10. Let q be (755 - -1) + 1 + 0. Suppose c - 2*u = -s*u + 257, 3*c + u = q. Is c a prime number?
False
Is (8012 - 3)/(((-1)/9)/((-790)/1422)) a composite number?
True
Suppose -315*s + 313*s + 8 = 0. Suppose -9897 = -s*r - h, 3620 + 1336 = 2*r + 2*h. Is r composite?
False
Let j = 370126 + -65753. Is j prime?
True
Suppose 5*s + 73884 = u, 2*s = -4*u + 38604 + 256954. Is u a composite number?
True
Suppose -v + 0 = -4. Suppose j - 14270 = -4*z + z, 0 = -v*j - 3*z + 57035. Is j composite?
True
Suppose 8 = d + 5. Suppose 4*s - 3*c + 200 = 0, -s - d*s - 172 = 4*c. Is s/((-5)/(-15)*-3) a prime number?
True
Let j(b) = 1226*b**2 + 126*b - 119. Is j(-9) a composite number?
True
Let s(r) = -r + 18. Let p be s(14). Suppose p*m + 8 = x, -3*x - 4 = -x + 2*m. Suppose x*h - 4070 = -10*h. Is h prime?
False
Suppose -43*u = -46*u - 12, 4*u = -4*c + 180628. Is c prime?
True
Suppose 373775 = 13*q + 12*q. Is q prime?
True
Let l(k) be the third derivative of -331*k**4/24 - k**3/6 - 2*k**2. Let c be -5 + (7 + -6)*-1. Is l(c) a prime number?
False
Is (30/(-12))/((-10)/226216) a composite number?
True
Suppose -22*y + 11521 + 10985 = 0. Suppose 0 = -3*l + y + 3996. Is l a composite number?
True
Let s(r) = -4*r**3 + 12*r**2 + 2*r + 3. Let g be (84/(-32))/7 + (-87)/24. Is s(g) composite?
False
Let u(j) = -30*j - 19 - 19 + 41. Let k be u(-8). Suppose -1483 = -2*f + k. Is f a prime number?
True
Let j = -7 - 20. Let w = -24 - j. Suppose 2*x + w*q = 1393, 3*x - 2082 = 4*q - 7*q. Is x prime?
False
Let l(a) = 0*a**2 + 16*a + 209*a**3 - 210*a**3 + 14*a**2 - 13. Is l(14) a prime number?
True
Let u = 815 - 814. Suppose 0 = -5*n + 2*n + 18. Is u/(-2)*-577*n/1 composite?
True
Is 3 + 67108 + (9 - 11) a composite number?
True
Let a = 17749 - 9968. Is a composite?
True
Let u = -29044 - -45185. Is u a prime number?
True
Suppose -11*j + 27835 = -6*j. Suppose 2*h + 5471 = -2*s - 1685, -4*h + s = 14302. Let g = h + j. Is g prime?
False
Let v(w) = 722*w + 167. Let u(z) = 2166*z + 503. Let g(h) = 2*u(h) - 7*v(h). Is g(-12) prime?
True
Let w(a) = -a**3 + 100*a**2 + 329*a - 1091. Is w(99) a composite number?
False
Let u(n) = -27*n + 44. Let x = -239 - -139. Let h = x + 79. Is u(h) a prime number?
False
Let q(b) = -92*b - 127. Let o(m) = -93*m - 128. Let v(r) = -4*o(r) + 5*q(r). Is v(-23) a composite number?
False
Let z be ((-45)/4)/(-9)*21768. Is (z/35)/((-10)/(-35)) prime?
False
Let y = -379 + 728. Let p = 3968 + y. Is p a prime number?
False
Is (3 - -1) + 80/32*579774 a prime number?
True
Is 199587 + 6*36/(-27) a composite number?
True
Let u(d) = -284729*d**3 - 3*d**2 - 3*d. Let o be u(-1). Suppose -16*b + 160791 + o = 0. Is b a prime number?
False
Suppose 2*x = 4, 4*a + 2*x = -6 + 22. Suppose 4*i = 3*n + 38882, 0*i + a*n = -i + 9713. Is i composite?
False
Is -7 + 5 - 4/((-20)/141245) prime?
False
Suppose 114*u = 109*u + 25. Suppose -u*d - 6 = -1, 8*d = -5*k + 5087. Is k prime?
True
Suppose -4*g - 6*v + 32 = -2*v, -3*g + 3*v = 6. Suppose -f = -3*f + 4*j + 6926, g*f = -4*j + 10359. Is f a prime number?
True
Suppose 0 = 395*c - 396*c - b + 172380, 3*c - 517098 = 3*b. Is c a prime number?
True
Let f be 1/(-7) + (-1210)/154. Let c = -10 - f. Is ((-605)/33)/(c/6) prime?
False
Let y be 50/15*(-3 - 45/(-10)). Suppose y*t + 5*j = 25715, 10274 = 18*t - 16*t + 5*j. Is t a prime number?
True
Suppose 65*n - 936 = 13*n. Is 88546/n - 56/252 composite?
False
Let j = 256298 + -102369. Is j prime?
True
Let s(f) = 6*f**2 + f + 43. Suppose 3*h + 103 = 5*g, 10 + 15 = g - 5*h. Let i = 2 - g. Is s(i) a composite number?
True
Let z be ((-24)/(-14))/((-12)/(-42)). Is ((-13791)/z)/((-15)/30) composite?
False
Let j(m) = 10*m**2 - 7*m + 191. Let f be j(42). Let t = -8734 + f. Is t a composite number?
False
Suppose 0 = 2*j + 5*m - 11, -14*m - 14 = -3*j - 19*m. Suppose j*k = 8*k + 2*c - 16017, -4*k + 12810 = -2*c. Is k prime?
True
Is 759/(-1265)*(-172910)/6 composite?
False
Suppose 9*w - 201680 = -7*w. Is w prime?
False
Suppose -5*w - 10 = 0, -5*s - w = 517 + 730. Let v = s + 662. Is v composite?
True
Is (2/(-6))/((-38)/(-1140)) - -377817 a composite number?
True
Let j = -31899 + 60362. Is j a prime number?
True
Suppose -5*w + 2*o = -2741519, 0 = 5*w - 5*o + 10*o - 2741540. Is w a prime number?
False
Let g(n) be the first derivative of -n**5/10 - n**4/12 - n**3/3 + 749*n**2/2 + 4*n + 14. Let i(r) be the first derivative of g(r). Is i(0) a prime number?
False
Suppose 140*k - 480792 + 1690070 = 174*k. Is k a prime number?
False
Let n(i) = 2*i + 31 + 5 + 11 - 2*i + 54*i**2. Is n(-8) composite?
True
Let w(v) = 149698*v - 47. Is w(1) a prime number?
False
Suppose 950 = -4*s + m - 311, s + m = -319. Is (-1)/(1568/s + 5)*-183 a composite number?
True
Suppose 0*g + p - 9424 = -2*g, -2*g + 9434 = -4*p. Let o = 9502 - g. Is o a prime number?
True
Suppose 18601 = 4*c - 15455. Suppose -2*h + c = 3*u - 5*h, -2*u + 5675 = -3*h. Is u a prime number?
False
Let m(t) = -16808*t**3 + 39*t**2 + 11*t + 7. Is m(-3) prime?
True
Let v(w) = 8*w - 20. Let d be v(5). Let z(i) = 9 + 5 + d*i**2 + i + 5 + 9*i. Is z(-8) prime?
False
Suppose 2*i - 76376 = -k - 682492, 0 = 4*k + i + 2424450. Is 1/(-3) - k/282 composite?
True
Suppose -10*i - 802472 = -1964712. Let p be 3/9 - i/12. Is 2*(-1)/(10/p) prime?
False
Suppose -93*o = -48*o - 44*o. Is (8654 - o)*-2*3/(-12) a composite number?
False
Let b(f) = f**3 + 118*f**2 + 941*f - 351. Is b(-100) composite?
False
Suppose 5*l + 2*g = -0*l - 19491, 3*g = 6. Let r be 4/(-34) - (395292/(-68) + 7). Let s = r + l. Is s composite?
False
Suppose 2*m + 4*s - 15778 = 0, m - 4*m + 23711 = -5*s. Is m a composite number?
True
Suppose x - 5*n = 3163 + 4892, -3*n + 32266 = 4*x. Suppose -13*z + x = -40282. Is z composite?
False
Suppose 299*o = -51*o + 51140950. Is o composite?
False
Let u(a) = -a**3 + 6*a**2 + 9*a + 64. Let o be u(8). Is (o - (2 + 5))/(1/3761) composite?
False
Is 152008*(-22)/(-704)*4/1 a composite number?
False
Suppose -3*f + 3*v - 93 = 0, 37 = 3*f + v + 122. Is (1/(-2))/(f/81026) a prime number?
False
Suppose -57*w = -42*w - 319635. Is w a prime number?
False
Let q be (-6 - -5)/(2/(-82)). Let v = -36 + q. Suppose r = 51 - v. Is r a prime number?
False
Let z be 26/(-6) + 33/99. Is 2429 - 0/(z*(-2)/(-4)) composite?
True
Let t be (-2575)/(-4) + 2/8. Let p = t - -1249. Let a = -1102 + p. Is a a prime number?
False
Suppose -5*b = 4*y - 624174, 5*b + 312072 = -304*y + 306*y. Is y prime?
True
Let q = 188 - 185. Suppose -10*t + 1461 = q*n - 7*t, -n - 5*t + 471 = 0. Is n prime?
True
Suppose 0 = -295*i + 286*i + 14274. Let j = i - 1033. Is j a prime number?
False
Suppose -3*b + 2897665 = 2*y, -153*b + 2*y = -165*b + 11590702. Is b a prime number?
True
Let